emainder when 7662 is divided by 196?
18
What is the remainder when 6968 is divided by 431?
72
Calculate the remainder when 74885 is divided by 18715.
25
Calculate the remainder when 240130 is divided by 1149.
1138
Calculate the remainder when 19975 is divided by 624.
7
Calculate the remainder when 1765 is divided by 1023.
742
What is the remainder when 114140 is divided by 1202?
1152
What is the remainder when 11335 is divided by 109?
108
Calculate the remainder when 2793 is divided by 370.
203
What is the remainder when 40202 is divided by 36?
26
What is the remainder when 3390 is divided by 3321?
69
What is the remainder when 15504 is divided by 2088?
888
Calculate the remainder when 2333016 is divided by 11607.
9
What is the remainder when 14277 is divided by 414?
201
Calculate the remainder when 37229 is divided by 17.
16
Calculate the remainder when 199087 is divided by 489.
64
Calculate the remainder when 133561 is divided by 124.
13
What is the remainder when 3302 is divided by 455?
117
What is the remainder when 23157 is divided by 16?
5
Calculate the remainder when 6915884 is divided by 1291.
1288
What is the remainder when 36627 is divided by 300?
27
Calculate the remainder when 707612 is divided by 43.
4
What is the remainder when 14748 is divided by 157?
147
Calculate the remainder when 135722 is divided by 49.
41
What is the remainder when 4894 is divided by 960?
94
Calculate the remainder when 43171 is divided by 43.
42
Calculate the remainder when 156111 is divided by 5574.
39
What is the remainder when 136354 is divided by 23?
10
What is the remainder when 1478 is divided by 329?
162
Calculate the remainder when 27507 is divided by 340.
307
What is the remainder when 3729 is divided by 1197?
138
What is the remainder when 47860 is divided by 78?
46
Calculate the remainder when 119469 is divided by 1991.
9
Calculate the remainder when 86340 is divided by 11.
1
Calculate the remainder when 14238 is divided by 250.
238
Calculate the remainder when 1057 is divided by 106.
103
What is the remainder when 17022 is divided by 56?
54
What is the remainder when 19091 is divided by 42?
23
What is the remainder when 289933 is divided by 289918?
15
Calculate the remainder when 3211 is divided by 93.
49
Calculate the remainder when 1046429 is divided by 1510.
1509
What is the remainder when 10960 is divided by 51?
46
Calculate the remainder when 70099 is divided by 70.
29
Calculate the remainder when 307309 is divided by 475.
459
What is the remainder when 144559 is divided by 36137?
11
What is the remainder when 30375 is divided by 30363?
12
Calculate the remainder when 125444 is divided by 340.
324
Calculate the remainder when 5141 is divided by 302.
7
Calculate the remainder when 59865 is divided by 9.
6
What is the remainder when 46487 is divided by 229?
0
Calculate the remainder when 3756 is divided by 228.
108
What is the remainder when 17483 is divided by 11?
4
What is the remainder when 5593 is divided by 1380?
73
Calculate the remainder when 2631 is divided by 828.
147
Calculate the remainder when 1959882 is divided by 268.
266
Calculate the remainder when 582 is divided by 73.
71
Calculate the remainder when 49704 is divided by 9.
6
Calculate the remainder when 3077 is divided by 748.
85
What is the remainder when 13269 is divided by 59?
53
Calculate the remainder when 2015787 is divided by 23.
21
Calculate the remainder when 4151 is divided by 2874.
1277
What is the remainder when 104886 is divided by 111?
102
Calculate the remainder when 12070 is divided by 2976.
166
Calculate the remainder when 26667 is divided by 5332.
7
What is the remainder when 7818 is divided by 3778?
262
What is the remainder when 951864 is divided by 317284?
12
Calculate the remainder when 26556 is divided by 1864.
460
What is the remainder when 91493 is divided by 102?
101
Calculate the remainder when 251297 is divided by 350.
347
What is the remainder when 19463 is divided by 311?
181
What is the remainder when 86229 is divided by 30?
9
Calculate the remainder when 12343 is divided by 536.
15
Calculate the remainder when 3470 is divided by 65.
25
What is the remainder when 3867 is divided by 56?
3
What is the remainder when 41184 is divided by 129?
33
Calculate the remainder when 107127 is divided by 15294.
69
What is the remainder when 92958 is divided by 35?
33
Calculate the remainder when 36552 is divided by 688.
88
Calculate the remainder when 3843071 is divided by 96.
95
What is the remainder when 9685 is divided by 38?
33
Calculate the remainder when 9049 is divided by 754.
1
Calculate the remainder when 2167 is divided by 338.
139
What is the remainder when 24233 is divided by 66?
11
What is the remainder when 3107 is divided by 164?
155
Calculate the remainder when 1281 is divided by 6.
3
What is the remainder when 44047 is divided by 28?
3
Calculate the remainder when 105615 is divided by 866.
829
What is the remainder when 27184 is divided by 23?
21
Calculate the remainder when 168173 is divided by 183.
179
What is the remainder when 64235 is divided by 202?
201
Calculate the remainder when 712617 is divided by 607.
606
What is the remainder when 18543 is divided by 12?
3
What is the remainder when 15657 is divided by 88?
81
What is the remainder when 1473954 is divided by 279?
276
What is the remainder when 19642 is divided by 118?
54
Calculate the remainder when 14565 is divided by 901.
149
Calculate the remainder when 2572 is divided by 367.
3
What is the remainder when 667600 is divided by 634?
632
Calculate the remainder when 20344 is divided by 6780.
4
Calculate the remainder when 491143 is divided by 470.
463
Calculate the remainder when 6623 is divided by 934.
85
Calculate the remainder when 88642 is divided by 9842.
64
Calculate the remainder when 141928 is divided by 850.
828
What is the remainder when 149939 is divided by 588?
587
Calculate the remainder when 273036 is divided by 136518.
0
What is the remainder when 1613 is divided by 103?
68
What is the remainder when 10022 is divided by 2298?
830
Calculate the remainder when 6655 is divided by 3324.
7
Calculate the remainder when 27361 is divided by 170.
161
What is the remainder when 2436 is divided by 183?
57
What is the remainder when 1085 is divided by 111?
86
What is the remainder when 25721 is divided by 4285?
11
Calculate the remainder when 45907 is divided by 6478.
561
What is the remainder when 2583 is divided by 2581?
2
What is the remainder when 699 is divided by 161?
55
What is the remainder when 530716 is divided by 20?
16
What is the remainder when 1951 is divided by 404?
335
Calculate the remainder when 205046 is divided by 50.
46
What is the remainder when 830365 is divided by 1232?
1229
Calculate the remainder when 8146 is divided by 5202.
2944
What is the remainder when 76360 is divided by 33?
31
Calculate the remainder when 1526 is divided by 1526.
0
Calculate the remainder when 10143 is divided by 15.
3
What is the remainder when 40798 is divided by 60?
58
Calculate the remainder when 779972 is divided by 72.
68
What is the remainder when 3267 is divided by 545?
542
Calculate the remainder when 308070 is divided by 3.
0
What is the remainder when 54549 is divided by 27272?
5
Calculate the remainder when 12223 is divided by 6050.
123
Calculate the remainder when 21862 is divided by 235.
7
What is the remainder when 5020 is divided by 126?
106
What is the remainder when 326503 is divided by 9?
1
Calculate the remainder when 751076 is divided by 43.
38
Calculate the remainder when 5353 is divided by 891.
7
Calculate the remainder when 838838 is divided by 26.
0
What is the remainder when 896 is divided by 886?
10
Calculate the remainder when 10971 is divided by 30.
21
Calculate the remainder when 5890 is divided by 646.
76
Calculate the remainder when 156783 is divided by 21.
18
Calculate the remainder when 182337 is divided by 9.
6
What is the remainder when 107255 is divided by 379?
377
Calculate the remainder when 4037 is divided by 41.
19
Calculate the remainder when 49163 is divided by 16383.
14
Calculate the remainder when 33244 is divided by 216.
196
Calculate the remainder when 3403 is divided by 1800.
1603
Calculate the remainder when 2051 is divide